 1. Let q = t - -1. Give d(q).
-4
Let a(i) = 14*i**3 - 4*i**2 - 2*i + 1. Let l(u) = u**3 - 5 + 3*u**2 - 4*u**2 + 5. Let b(d) = -a(d) + 6*l(d). Determine b(1).
-9
Let h(f) be the first derivative of -f**5/60 - f**4/8 + 5*f**3/6 - 2*f**2 - 2. Let t(d) be the second derivative of h(d). Determine t(-5).
-5
Let h be (1 + 0)/((-3)/18). Let p = h + 11. Let c(i) = i**2 - 3*i + 1. Give c(p).
11
Let y(i) be the first derivative of i**2/2 + 3*i + 1. Suppose -2*t = -v - 8, -3*t + 9 = -3. Suppose 2*m - 5*m + 15 = v. What is y(m)?
8
Let x = 16 + -12. Let j(u) = -u**2 + 6*u - 1. Let c be j(x). Let f(h) = h - 4. Calculate f(c).
3
Let k(t) = -2*t**2 + 9*t - 2 - 7 + 11 + t**2. What is k(9)?
2
Let p(f) = -38 - 3*f - f + 40. Give p(3).
-10
Let p(u) = -7*u**3 + 5*u**2 - u. Let v(n) = 7*n**3 - 4*n**2 + n. Let x(q) = -5*p(q) - 6*v(q). Give x(-1).
7
Let x(j) = -j**2 - 4*j - 1. Let v = -15 + 12. Determine x(v).
2
Let o be ((-15)/(-6) - 3)*12. Let t(l) = -l - 11. Give t(o).
-5
Let n be 3/(-15) - (-22)/10. Let p = 8 + -6. Let i(r) = r - 3 - r**2 + 5 - p*r. Determine i(n).
-4
Suppose 5*w + 45 = -5*g, 1 + 12 = -2*g - w. Let d(m) = 3*m**2 - 11*m - 3. Let t(l) = -l**2 + l + 1. Let x(p) = g*t(p) - d(p). Give x(-6).
-7
Let y(w) = -w**2 + 5*w - 3. Let r = 3 + 1. Determine y(r).
1
Let r(q) = 10 - 7*q + 3 - 2*q**3 + q**2 - 2*q**3 - 6. Let i(y) = -y**3 - y + 1. Let h(x) = 5*i(x) - r(x). Calculate h(2).
-10
Let o(z) = -z - 1. Let u(h) = -5*h - 3. Let g(w) = -3*o(w) + u(w). Determine g(-2).
4
Let x be (6/5)/(-3)*-5. Let z be (2/6)/(3/36). Let g(q) = -z*q - 3*q - 4 + 3 + 8*q + q**2. Calculate g(x).
5
Let q(r) = -r**3 - r**2 + 5*r + 2. Suppose -4*y + 30 = -5*j - 9*y, 4*y = 3*j - 3. Determine q(j).
5
Suppose -2*a = -5*a + m + 18, 0 = -4*a + m + 25. Let i(x) = -6*x + 0*x**2 + 2*x**2 - 3 - 3*x**2 - 5*x**2 + x**3. Calculate i(a).
4
Suppose -2*x + 4 = -0. Suppose -p + 0*p - 6 = z, -p + 19 = -4*z. Let a(o) = -o. Let k(d) = 3*d**2 + 2*d. Let i(c) = z*a(c) - k(c). Calculate i(x).
-6
Let g(p) = 0 + 0 - p. Suppose -3*r + 32 = -q - 4*q, 5*r + 4*q - 4 = 0. Determine g(r).
-4
Suppose -3*v = -6 - 15. Suppose -v*d = -8*d. Let j(x) = -x - 2. Calculate j(d).
-2
Suppose -4*b - 3*i + i = -74, -3*b + 36 = -5*i. Suppose -f - 3*d = b, 4 - 21 = 5*f - 2*d. Let g(q) = -2*q - 5. Determine g(f).
5
Let x(z) = 3*z**3 + 5*z**2 - 17*z - 8. Let l(s) = s**3 + 2*s**2 - 6*s - 3. Let m(r) = -17*l(r) + 6*x(r). What is m(4)?
3
Let k(a) = 5. Let y(n) = -n - 9. Let q(s) = 7*k(s) + 4*y(s). Determine q(-3).
11
Let o(v) = v**3 - 6*v**2 + 5*v + 3. Let q(z) = 4 - 3*z + 1 + 2*z. Let p be q(0). Give o(p).
3
Suppose -o - 4*o = -10. Let p(s) = -3*s**3 + 9 + o*s**3 - 4*s - 11 + 5*s**2. Calculate p(4).
-2
Let o(a) = a**3 + 2*a**2 - 2*a - 2. Suppose -2*k + 27 + 3 = 0. Let l = k + -8. Suppose -f + 3 = 2*r + l, 2*r = -5*f - 12. Determine o(f).
2
Let c(t) be the second derivative of t**5/20 + t**4/12 - t**2 - 4*t. Give c(2).
10
Let l(n) = -2*n - 1. Let i(t) = 2*t + 9. Let c be i(-6). Let z = 1 - c. Give l(z).
-9
Suppose 0 = f - 3*l - 16, 0 = 7*f - 3*f + l - 12. Let w = f - 4. Let o(q) = -2*q + w*q + 2 - 3 + q. Calculate o(2).
-3
Let s(n) = -n**2 + 5*n + 3. Let l be ((-10)/(-8))/((-11)/(-44)). What is s(l)?
3
Let c(n) = 3 - 4 - 2*n + n - 2. Give c(7).
-10
Let q be (-44)/(-6) + 3/(-9). Suppose g - 10 = -6. Let w(p) = 3*p - 12. Let u(x) = -2*x + 6. Let z(n) = g*w(n) + q*u(n). What is z(-4)?
2
Let r(g) = g**2 - 9*g + 6. Let m be r(9). Let o(f) = f + 6. What is o(m)?
12
Let b(v) = 3*v**3 - 12*v**2 - 3*v + 11. Let p(m) = -2*m**3 + 11*m**2 + 2*m - 11. Let o(g) = 3*b(g) + 4*p(g). Calculate o(-8).
-3
Let z(i) = -1 - 4*i + 0 + i - 1. Calculate z(-3).
7
Let r be (1 + -3)*(2 - 3). Let a(i) = -1 + 8*i**3 + 4 - 4 - r*i + 0. What is a(-1)?
-7
Let w(k) be the third derivative of k**6/120 + k**5/15 - k**4/6 + 2*k**3/3 - 21*k**2. What is w(-5)?
-1
Let j(m) = m**3 + 3*m**2 + 2*m - 3. Let r(h) = -h**3 + 5*h**2 - 5*h + 3. Let q be r(5). Let z = q + 19. Calculate j(z).
-9
Let c(t) = -2*t + 2. Let v(s) = s - 2. Let i(k) = 3*c(k) + 2*v(k). Let l(d) = 3*d - 3. Let x be l(3). Let p = -4 + x. Determine i(p).
-6
Let o(i) be the first derivative of i**2/2 - 15*i + 5. Calculate o(0).
-15
Suppose 0*j = -j + 30. Let n be (j/18)/(1/(-3)). Let c = 3 + n. Let r(k) = 3*k**2 + 3*k + 3. Give r(c).
9
Let l(v) = -v**2 + v. Let t be (-10)/35 + 37/7. Let d(y) = -3*y**2 - y**2 + 2 + t*y**2. Let q(k) = -d(k) - 2*l(k). Calculate q(4).
6
Let r be ((-15)/(-6))/(1/2). Suppose r*s - 14 + 4 = 0. Let t(x) = -2*x - 3*x**3 + x**s + 0*x + 4*x**3. Give t(-2).
0
Let j(t) = 4*t**2 - 7*t + 4. Let w(x) = 6*x**2 - 5*x - 3. Let h(l) = 3*l**2 - 3*l - 1. Let o(b) = -9*h(b) + 4*w(b). Let u(k) = -2*j(k) - 3*o(k). Calculate u(5).
-9
Let l(p) = p**2 - 4*p - 10. Suppose -3*s + y = -19, -5*s - 3*y + 41 = -0*s. Calculate l(s).
11
Let g(n) be the third derivative of -1/120*n**6 + 2*n**2 + 0 + 0*n - 1/20*n**5 - 1/6*n**3 - 1/8*n**4. Determine g(-2).
1
Let i be (-15)/10 - 18/(-4). Suppose 0 = i*z - 5*z + 2. Let f = 1 - z. Let t(h) = h**3 - h**2 - 6. Determine t(f).
-6
Let v(p) = -1. Let c(l) = -5. Let r = -3 - -4. Let z(d) = r*c(d) - 4*v(d). Let g(o) = -o - 6. Let f(b) = -g(b) - z(b). Determine f(-5).
2
Let h(s) = s**3 - 5*s**2 + 5*s - 2. Suppose -2*t + 6 = -2*a, 3*t + 2*a + 3*a - 17 = 0. Determine h(t).
2
Let z(o) = -o**2 - 3*o - 6. Let p = 40 + -44. Calculate z(p).
-10
Let m(c) = 3*c + 3 - 5*c + 6*c**2 + 4*c**3 + 0*c. Let b(w) = -11*w**3 - 17*w**2 + 5*w - 8. Let g(l) = 3*b(l) + 8*m(l). Calculate g(-2).
-2
Let y = 19 - 16. Let v(r) = -7*r + 8*r**2 - y*r**2 - 4*r**2. Give v(7).
0
Let l(x) = 4*x - 2. Let g(k) = -7*k + 5. Let j(r) = -3*g(r) - 5*l(r). Calculate j(5).
0
Let t(m) be the third derivative of m**6/120 + m**5/6 + 11*m**4/24 + m**3/2 - 71*m**2. What is t(-9)?
-15
Let d(a) = -7*a + 49. Let i be d(6). Let h(n) = n**3 - 6*n**2 - 8*n - 9. Give h(i).
-16
Let g(u) = u**2 - 2*u - 6. Let j(f) = -2*f**2 + 4*f + 12. Let b(k) = 5*g(k) + 2*j(k). Let n(s) = 2*s**2 - 3*s - 11. Let a(z) = -7*b(z) + 4*n(z). What is a(-3)?
1
Suppose 7*k - 4*k = 15. Suppose 4*x = 4*q + 28, 2*q - q - 17 = -k*x. Let i(d) = d**3 + x*d**2 + d**2 + 0*d - 4*d**2 - d + 3. Calculate i(0).
3
Suppose 2*z + 3*f - 11 = 0, -2*z - 3 = -3*f + 4. Let t(j) = -j**3 - j**2 - 1 + j**2 - 4*j**3. What is t(z)?
-6
Let a(z) = 5*z + 1. Let i(b) = 6*b. Let t(m) = 7*a(m) - 6*i(m). Let j be (-2)/(-2 + 6/4). Calculate t(j).
3
Suppose 0*i = -4*i + 8. Let z(r) = -11*r**2 - 11*r - 6. Let x(g) = -4*g**2 - 4*g - 2. Let n(j) = -8*x(j) + 3*z(j). What is n(i)?
-8
Let r(z) = -2*z**2 - 7*z - 1. Let v(n) = 6 + n**2 + 6*n - 6. Let j(l) = 2*r(l) + 3*v(l). Calculate j(4).
-2
Let x be -3 - (-7)/(7/4). Let i(r) = -r**2 + 13*r**3 + x + 0*r**2 - 4*r**3. Calculate i(1).
9
Suppose -3*b + 2*b = 5. Let x(w) be the first derivative of w**2/2 + 7*w - 6. What is x(b)?
2
Let g be 4/(-2) - (1 + 1). Let c = -1 - g. Suppose c*k = k - 10. Let l(u) = -u**2 - 5*u + 5. Calculate l(k).
5
Let d(y) = 2*y**2 - 4*y + 7. Let t(m) = m**2 + 1. Let a(l) = d(l) - 3*t(l). What is a(-4)?
4
Let a(o) = -2*o**2 - 9 - o**2 + 5 + 2*o + 5. Calculate a(2).
-7
Let p be (-15)/10*8/(-3). Suppose 5*v - 18 = 2*y + 5, 18 = p*v - 2*y. Let x(q) = -q**3 + 4*q**2 + 3*q + 4. Calculate x(v).
-6
Let i(n) = n + 8. Let j be i(-6). Suppose a + 6 = -j*a. Let f = a + -3. Let x(k) = -k**2 - 4*k + 2. Determine x(f).
-3
Suppose 4*m + 1 = -5*z + 16, 3*m = 0. Let w(t) = -2*t - 2*t + 4*t + t - z. Let l be w(4). Let v(s) = -2*s**3 - s**2 + s - 1. Calculate v(l).
-3
Let r(a) = -6*a - 3*a**3 + 4*a**3 - 2 + 5*a**2 + 0*a**3. Give r(-6).
-2
Let i(z) be the second derivative of z**3/6 - 7*z**2/2 + 7*z. Give i(3).
-4
Let i be (4/10)/((-2)/(-30)). Let l(q) = 5*q**3 + 6*q**2. Let g(h) be the first derivative of -h**4/4 - h**2/2 + h + 1. Let k(w) = i*g(w) + l(w). Give k(5).
1
Let j(b) = 906*b - 2 - 911*b + 3. Give j(-5).
26
Let h(p) = -2 - 2 - 1 + 3*p**2 + 4*p - p**3. Let l = -4 + 7. Suppose 5*y = 20, l*w - 4*y = -y. Determine h(w).
-5
Let a(r) be the first derivative of r**3/3 + 5*r**2 + 2*r - 20. What is a(-8)?
-14
Let d(b) = -2*b**2 - 3*b - 2. Let r be d(-2). Let x = 3 - r. Suppose 4*u = -5*c + x, -7 = -5*c - 5*u - 2. Let k(s) = -s**3 + 3*s**2 - 2*s + 3. Calculate k(c).
-3
Let b(n) be the second derivative of 0 - 3*n + 1/60*n**5 - 1/2*n**2 + 1